(s) = 4*s**2 - 6*s**3 + 4 + 2*s + s + d*s**3. Calculate w(4).
16
Let l be 0/((2 + -1)/(-1)). Suppose l = 4*s + s - 45. Let n(i) = s*i + 5*i**2 + 3 - 4*i + i**3 + 0*i**3. Give n(-4).
-1
Let m = 14 - 22. Let i = -4 - m. Suppose -i*l + 9 + 7 = 0. Let n(q) = -q - 5. Calculate n(l).
-9
Let a(m) = m**3 + 7*m**2 - 2*m - 9. Let v be a(-7). Let j(x) = -3*x**3 + 6*x**2 + 2 - 8 + 2*x**3 - 2*x + 1. Calculate j(v).
10
Let x(q) be the first derivative of -q**7/280 - q**6/120 - q**5/120 - q**4/12 + 5*q**3/3 + 2. Let r(z) be the third derivative of x(z). Give r(-2).
12
Let y(v) = v**3 - v**2 + v - 1. Let x(s) = 8*s**3 - 6*s**2 + 8*s - 12. Let w(t) = -x(t) + 10*y(t). Determine w(2).
6
Let v = 61/2 - 30. Let c(g) be the first derivative of v*g**2 - 2 - 4*g. What is c(5)?
1
Let h(x) = -x**2 + x + 5. Let i be h(0). Let o(z) = z + 5 - z**3 - 4*z + z**2 + 4*z**2. Give o(i).
-10
Suppose -7 - 59 = -3*p. Let q = -28 + p. Let r(b) = -b - 12. What is r(q)?
-6
Suppose j + 2*j + y - 8 = 0, 0 = -5*j + 2*y + 6. Let d(o) = -o**2 + 3*o - 2. What is d(j)?
0
Let r(s) = s + 2*s - 2 + 4*s**2 - 3*s**2. Suppose 0 = 4*v, 20 = -5*d - 4*v - 0*v. What is r(d)?
2
Let m = 1/4 - -9/4. Let c(i) be the first derivative of 1/4*i**4 - m*i**2 + 2*i - 2 - 4/3*i**3. Calculate c(5).
2
Let y(c) = -c**2 - 7*c + 15. Let j be y(2). Let w(q) = -2*q + 4. Calculate w(j).
10
Let g(n) = 3*n - 3. Let z(a) = 5*a + 1 - 3 - 4 - a**2. Let v(f) = -5*g(f) + 3*z(f). Let b(q) = -q**2 + q - 1. Let w(c) = -4*b(c) + 2*v(c). Calculate w(-2).
-2
Let w(p) = -p + 2. Suppose 0 = -2*x - 5*y + 5, 0*y + y = x + 1. Let v(z) = 1 + x - 5 - z. Let d be v(-4). Calculate w(d).
2
Let x(u) be the first derivative of 1/15*u**5 - 2 + 0*u + u**2 - 1/6*u**3 - 1/12*u**4. Let y(w) be the second derivative of x(w). Determine y(-1).
5
Let x(v) = 3*v**2 + 3*v + v**3 - 3 - 2*v - 2*v**3. Determine x(4).
-15
Let n = -6 - -8. Let b(d) = -5*d**2 - d**n - 2*d**2 + 4*d**2. Suppose -22 = 3*g - 5*h, 3*g = -0*h - 3*h + 18. What is b(g)?
-4
Let q(j) = j**2 - 9*j + 6. Let t(d) = -d**2 + 10*d - 7. Suppose -20 = -h - 4*h. Let p(s) = h*t(s) + 5*q(s). Let w be 1/(2/10)*1. Give p(w).
2
Let b(g) be the first derivative of 3*g**3 - g**2/2 + 17. Calculate b(-1).
10
Let w(d) be the first derivative of d**4/4 + 2*d**3 - 3*d**2 + 10*d - 1. Let p be w(-7). Let g(u) = u**3 - 3*u**2 + u. What is g(p)?
3
Let x = -6 + 8. Let v(o) = 1 - 5*o**2 - 2 - o**3 + 2*o - 1 + x*o**3. What is v(4)?
-10
Let q(z) be the second derivative of 1/20*z**5 + 2*z**2 - 2/3*z**3 - 1/12*z**4 + 0 + 3*z. Give q(3).
10
Let g(p) = -p**2 + 6*p. Suppose f - 3*f + 28 = 3*h, 4*f - 96 = 4*h. Suppose -4*r = -f, 3*r - 39 = -6*m + 4*m. Suppose m + 8 = 4*j. Calculate g(j).
5
Let b(w) be the second derivative of -w**3/6 - w**2/2 + 6*w. What is b(0)?
-1
Suppose 7*w + 3 = 4*w. Let u(t) be the third derivative of -t**6/24 + t**5/60 - t**4/24 - t**3/6 + 8*t**2. Determine u(w).
6
Let b be 3/(-5 - (-4)/1 - -2). Let k(n) = 0*n - 3*n**2 - 4*n - 2 + 4*n**2. Give k(b).
-5
Let k(r) be the third derivative of -r**5/30 - r**4/4 - r**3 - 2*r**2. Give k(-4).
-14
Let u(m) = 2*m - 5. Let n(a) = -a + 2. Let z(r) = 5*n(r) + 3*u(r). Suppose 11 = 4*s - 9. Determine z(s).
0
Let v = 30 - 26. Let s(k) = -k**3 + 5*k**2 - k - 4. Determine s(v).
8
Let c be (-246)/(-15) + (-2)/5. Suppose m = 5*m - c. Let h(z) = 5*z - 6 + 3*z - 5*z. Calculate h(m).
6
Suppose 0*p = 3*p - 2*s - 1, 3 = p - 2*s. Let z be 5*p*3/3. Let m(a) be the second derivative of -a**3/3 - 3*a**2 - a. Determine m(z).
4
Suppose -u = i, -5*i = 2*u + 1 - 10. Let h(t) be the second derivative of -1/6*t**i + 0 + 2*t - 3/2*t**2. Give h(-3).
0
Let g(a) be the first derivative of -a**2/2 - 2*a - 2. Let d be 4 - (-3 - 0 - -3). What is g(d)?
-6
Let h(j) = j + 3. Let b be (-13)/(-3) + (-6)/18. Suppose 5*g = b + 6. Let w = -1 - g. Determine h(w).
0
Let b(j) = 21*j + 17. Let t be b(13). Let y(h) = -t*h + 1 + 292*h + 0. Calculate y(-2).
-3
Let i = 17 + -13. Let z(b) = 16*b**2 - 4. Let r(v) = 3*v**2 - 1. Let h(s) = 11*r(s) - 2*z(s). Give h(i).
13
Let d(l) = 9*l**2 - 9*l - 5. Let b(n) = -5*n**2 + 4*n + 2. Let k(w) = 7*b(w) + 4*d(w). What is k(7)?
-13
Let v(d) = 110*d - 228*d + 108*d. Let p be (-2)/(2*-1*1). Calculate v(p).
-10
Let o(a) = -4*a**3 - 3*a**2 - 5*a. Let p(g) = -17*g**3 - 12*g**2 - 21*g. Let c(x) = -9*o(x) + 2*p(x). Let b(i) = -4*i + 54. Let l be b(14). What is c(l)?
-10
Suppose -5*g + 3 = -4*g. Let j(i) be the first derivative of i**2 - 3*i + 32. Determine j(g).
3
Let z(u) be the third derivative of u**6/40 - u**3/6 - 24*u**2. Suppose 0 = x + 2, 0 = -l + 2*l + 4*x + 7. Determine z(l).
2
Let m(s) = s**3 - 5*s**2 - s - 4. Let u(z) be the second derivative of -z**5/20 + z**4/2 + z**3/6 + 5*z**2/2 - z. Let j(x) = 3*m(x) + 2*u(x). What is j(3)?
-5
Suppose -24 = -3*p + 2*c, -5*p - 5*c + 2*c + 21 = 0. Let g(d) = d**2 - 4*d - 5. Let t be g(p). Let s(u) = u**3 - 6*u**2 - 4*u - 9. Determine s(t).
12
Let y be 13 - 10 - (0 + 3). Let n(j) be the second derivative of y - j + 1/12*j**4 + 1/3*j**3 - 3/2*j**2. Give n(-3).
0
Let w(o) = -o**2 + 5*o - 6. Let c(d) = d**2 + 3*d + 2. Let m be c(-4). Suppose 3*b + 3 = -3*g, -2*g - b + 26 = -m*b. Let q = 1 + g. Determine w(q).
-2
Let d(m) be the second derivative of -7*m**3/6 + 5*m. Determine d(-1).
7
Let u(h) = -5*h - 7. Suppose 4*m = 5*m + 5. Calculate u(m).
18
Let m(a) = 2*a + 17. Let i(c) = -c - 8. Let h(o) = 9*i(o) + 4*m(o). Let z = 2 - 5. Determine h(z).
-1
Suppose -4*i + 2*h = i - 12, 0 = -5*i + 4*h + 14. Let q(b) = 3*b - 4 + i*b + 3. Determine q(1).
4
Let h(k) = -4*k - 6 + 14*k - 9*k. Give h(5).
-1
Let m(d) be the third derivative of 0 - 1/24*d**4 + 0*d - 1/2*d**3 - 5*d**2. Suppose 3*r - 8 + 23 = 0. Calculate m(r).
2
Let h(x) be the second derivative of 3*x**3/2 + x**2/2 - 2*x + 13. Let j be (1 - 2)/((-3)/(-3)). Calculate h(j).
-8
Let l(m) = -7*m. Let p(i) = -35*i - 1. Let j(g) = 11*l(g) - 2*p(g). Calculate j(2).
-12
Let k(p) be the second derivative of 1/2*p**2 - p + 0 + 1/3*p**3 - 1/4*p**4 - 1/20*p**5. Give k(-4).
9
Let n(d) = -d**2 + 9*d - 8. Let l(o) = o**3 - 8*o**2 + 2*o - 10. Let j be l(8). Determine n(j).
10
Let a(y) = -y**3 - 4*y**2 + 8*y + 6. Let h = 31 + -36. What is a(h)?
-9
Let d(i) = i + 1. Let p(g) = -g - 1. Let a(f) = -6*d(f) - 5*p(f). Give a(-3).
2
Let o(k) = 3*k**2 + 7*k - 3. Let y(r) be the first derivative of r**3/3 + r - 3. Let f(v) = o(v) - 4*y(v). Determine f(5).
3
Let v(u) = -8*u - 11. Let h(z) = -3*z - 4. Let a(q) = 11*h(q) - 4*v(q). Determine a(0).
0
Let r(v) = 1 + 0 - 2 - v**2 + 4*v. Let w be (((-9)/24)/1)/(1/(-8)). Calculate r(w).
2
Let a(k) = -2*k - 6 - 13 + 8. What is a(-9)?
7
Let q be (-60)/(-9) + 4/(-6). Let l(j) = j**2 - 5*j - 4. Determine l(q).
2
Let b(m) be the first derivative of -5*m**2/2 - 2*m + 7. Give b(-3).
13
Let j(o) = 6*o**3 + o**2 + 2*o + 1. Let r be j(-1). Let s = r - -5. Let c(t) = 6*t**3 - 2*t - 1. Calculate c(s).
-5
Let z(j) = j + 1. Let y(x) = 10*x + 7. Let c(w) = y(w) - 6*z(w). Let t(n) = -4*n - 1. Let q be -1*(6 + -2) - 0. Let p(i) = q*t(i) - 5*c(i). Determine p(1).
-5
Let a = 36 - 16. Suppose -p - 4*p - a = 0. Let q be (-6)/(((-18)/p)/(-3)). Let j(m) = m**2 - 6*m + 2. What is j(q)?
-6
Suppose 6 + 24 = -b. Let w be (-5)/(b/4)*-3. Let g(q) = 3*q**2 + 4*q - 1. Let v(x) = x**2 - x + 1. Let n(h) = w*v(h) - g(h). Determine n(-1).
-4
Let y(v) = -2*v - 5. Let x(f) = f**2 - 6*f - 4. Let j be x(7). Suppose -4*b - 17 = j. Calculate y(b).
5
Let f be 3 + (18/8)/(27/(-72)). Let i(b) = b**2 - b + 2. What is i(f)?
14
Let u(v) = v**3 + 2*v**2 + 2. Let a be u(-2). Let i(o) = -a*o + 2*o + 4 - o. Give i(-3).
7
Let s(x) = x**2 + 3*x - 2. Let l = 20 + -24. What is s(l)?
2
Let m be 4/(-14) - (-18)/14. Let h(x) = x. Let z(g) = 7*g. Let o(f) = m*z(f) - 6*h(f). Suppose 4*d - 3*j = -17, -5*d = -4*d + 2*j + 7. Determine o(d).
-5
Suppose 3*l = -2*l - 5. Let d(b) = -26*b**2 - 2*b - 5. Let i(z) = -13*z**2 - z - 3. Let f(x) = -3*d(x) + 5*i(x). Calculate f(l).
12
Let q(t) = t**3 - 3*t**2. Let p be -6 - -15 - -1*3. Suppose 0 = 3*x - p, -2*w = 2*w + 2*x - 16. Give q(w).
-4
Let w(h) be the first derivative of -h**3/3 - 7*h**2/2 + h - 6. Determine w(-6).
7
Let m(c) = -c - 2. Let l be m(-7). Suppose 0 = o + l*x - 1, -5*o - 4*x = -5. Let v be o/(1 - 4/5). Let j(u) = -u - 2. Determine j(v).
-7
Suppose 2*d + 4 = 4*n, -4 = -